8
Let n(f) = 2*f**2 - 22*f - 18. What is the hundreds digit of n(16)?
1
Suppose -4*p + 5*p = -34. Let g = 54 + p. What is the tens digit of g?
2
What is the tens digit of 51/(-6) - -9 - (-41035)/10?
0
What is the tens digit of (-177)/(-5) + (12/(-5))/(-4)?
3
Let z = 21 - 17. Suppose 96 = 2*x + 2*o, -z*o + 92 = -x + 3*x. What is the tens digit of x?
5
Suppose 2*g = -3*g + 100. Let k be 6*(g/(-8) - -3). What is the units digit of -2*4/((-12)/k)?
2
Let o = 14 - -6. Suppose -12*g + 17*g - o = 0. What is the units digit of g?
4
Let s be 2 + -2 + -34 - 1. Let q be (84/s)/((-4)/290). What is the units digit of (-4 - -2)*q/(-12)?
9
Suppose -9*j + 1209 = -843. Suppose 5*u - 62 = j. What is the units digit of u?
8
What is the hundreds digit of -3*((-301716)/540 - 6/10)?
6
Suppose 37 = -5*w + 122. Let a = 49 - w. Let m = a - 26. What is the units digit of m?
6
Suppose g - 80 = p, 7*g - 184 = 5*g - 4*p. What is the units digit of g?
4
Suppose 0 = -d - 5, -3*k + k - 4*d = -50. Suppose -4*b + 9*b = -k. Let h = 21 + b. What is the tens digit of h?
1
Let b = -31 - -37. Let t = b + -3. What is the tens digit of (-4 + 14/t)*33?
2
Let l = -10 + 23. Suppose 3*n - 1 = -l, -2*n - 24 = -2*u. Suppose 0 = 5*f - f - u. What is the units digit of f?
2
Let j(p) = 25*p + 23*p - 3 - 47*p + 5. Let t(u) = 7*u**3 + u**2 - u + 1. Let k be t(1). What is the tens digit of j(k)?
1
Suppose 2*b + 23 = -0*b + n, -25 = 4*b + 5*n. Let d = -7 - b. What is the units digit of d?
3
Suppose 0*x + 4*x = 0. Suppose x = 3*d + 3*m - 57, m = d - 3*m + 6. Suppose -n = -2*o - d, -3*n + 58 = 3*o - o. What is the tens digit of n?
1
Suppose -4*w = -4, 2*n + 3*n - 4361 = -w. What is the units digit of n?
2
Suppose z = 3*u + 27, 10*u - 5*u + 10 = 0. Let c = z + 5. Suppose -3*k + 4*r + c = -0*k, 4*k - 4*r - 32 = 0. What is the units digit of k?
6
Let b = 702 + -432. Let r = b - 137. What is the tens digit of r?
3
Let n(y) = 10*y**2 - 4 - 8*y**2 - 4*y + y + 9*y**2. What is the units digit of n(-2)?
6
Let h be (-1 - 1)/(17 - 18). Suppose 0 = 3*p + h*p. Suppose u - 5 = -p*u - 5*z, -3*u + 15 = -4*z. What is the units digit of u?
5
Let j = 120 + 947. What is the hundreds digit of j?
0
Let u = 1468 + -947. What is the units digit of u?
1
What is the thousands digit of ((-7104)/(-18))/((-7)/(-21))?
1
Suppose -y - 2*y + 3*k = 975, -2*y - k = 635. What is the tens digit of (9 + 0)*y/(-30)?
9
Let u(s) = 44*s**2 + 28*s - 5. What is the tens digit of u(-3)?
0
Let h(l) = -3*l - 3. Let m be h(-2). Suppose -80 = 2*y + m*y. Let n = y + 53. What is the tens digit of n?
3
Let z(q) = 23*q**2. Let j(k) = -k**2 + 9*k - 2. Let s be j(9). Let c be 2*(0 + -1)/s. What is the units digit of z(c)?
3
What is the tens digit of (2/(-4))/((-6)/(-13272)*-2)?
5
Let v = -34 - -35. Suppose -4*k - v = -273. What is the tens digit of k?
6
Let k = -464 + 790. Suppose -4*q + 2 = -10, 4*s - k = 2*q. What is the tens digit of s?
8
Let x(r) = 24*r**2 - r + 1. Let l = 5 - 0. Suppose -j + l = 4*j. What is the tens digit of x(j)?
2
Let b = -511 + 1209. Let r = -424 + b. What is the units digit of r?
4
Let v(u) = 7*u + 211. What is the units digit of v(-24)?
3
Suppose 5*f + 2*c = -25, -3*f - 5*c - 37 = f. Let s = -6 - -3. What is the units digit of f*(-2 - 3) - s?
8
Let b(w) = 24*w + 2. Let f = 18 + -14. What is the tens digit of b(f)?
9
What is the units digit of (45/(-6) - -8)/(-1)*-9188?
4
Suppose -3*y = -5*q - 1285, y + 5*q = 2*q + 433. Let l = y - 251. What is the hundreds digit of l?
1
What is the hundreds digit of (-21)/7 - ((-5 - 187) + 1)?
1
Suppose 6*j - 851 - 2569 = 0. What is the units digit of j?
0
Suppose -347*x = -340*x - 11312. What is the hundreds digit of x?
6
Suppose 1828 = t - x, 3*t = -15*x + 11*x + 5519. What is the tens digit of t?
3
Let a(x) = 6*x - 4. Suppose -4*v = z + 25, 5*v - 4*z + 14 = -12. Let o = v + 11. What is the tens digit of a(o)?
2
Suppose -24 + 19 = -t. Suppose -n + t*r = -94 + 8, 4*r = 4. What is the tens digit of n?
9
Suppose -11 = b - 0*j + 3*j, 3*b - 27 = 3*j. Suppose p = -3*p - 2*t - 146, b*t = -3*p - 117. Let h = p + 77. What is the units digit of h?
2
Let f(o) = o**2 + 17*o + 26. Suppose -15 - 23 = 2*g. What is the units digit of f(g)?
4
Suppose 2229 = 3*f - 1089. Let c = -722 + f. What is the units digit of c/21 - 4/14?
8
Let c(p) = -p + 1. Let r be c(-1). Let g(m) = -r*m**3 - m**2 + 0 - 3*m**3 + 2 + 6*m**3. What is the units digit of g(0)?
2
What is the units digit of 30/(9*7/1092)?
0
Suppose 3*c - 8*c - 6441 = -3*w, 0 = 2*w + c - 4294. What is the thousands digit of w?
2
What is the tens digit of (-1159188)/(-377) - (-18)/78?
7
Let m = 321 - -214. What is the units digit of m?
5
Let p = -216 - -399. Let n = p + -30. What is the units digit of n?
3
Let l = 956 + -876. What is the tens digit of l?
8
Suppose -2*w + 10827 = 2*z + z, 3*w - 16232 = 4*z. What is the units digit of 4 - (-60)/(-14) - w/(-28)?
3
Suppose 2*d - 841 = -5*w, w - 6*w - 458 = -d. What is the units digit of d?
3
Let v(o) = -2*o**3 - 15*o**2 - 10*o - 12. What is the hundreds digit of v(-10)?
5
Let d = 33 - 21. Let i(f) = f**3 - 11*f**2 + 3*f - 11. What is the units digit of i(d)?
9
Suppose -9*g + 8*g = 6. Let s(t) = -t + 8 + t - 2*t. What is the units digit of s(g)?
0
Let k(l) = -2*l**3 - 6*l**2 + 3*l - 32. What is the units digit of k(-6)?
6
Let t = 1996 - 1165. What is the tens digit of t?
3
Let v(d) = -d - 2. Let l be v(-2). Suppose 0 = -2*m - l - 30. Let y = 1 - m. What is the tens digit of y?
1
Let l be 21/15 - 12/(-20). Suppose -2*a - 4*x = -138, 8*a - 361 = 3*a - l*x. What is the tens digit of a?
7
Suppose 219 = -f + 740. What is the hundreds digit of f?
5
Suppose 4*a - 19*a = -68160. What is the hundreds digit of a?
5
Suppose -2320 = -310*i + 305*i. What is the units digit of i?
4
Suppose -z = -5*f + 6, -f + 22 = 4*z + 2*f. Suppose z*c - 325 = 27. What is the tens digit of ((-1)/(-2))/(1/c)?
4
Let r(f) = 12*f**2 - 13*f - 19. What is the units digit of r(11)?
0
Let s = -43 + 387. What is the units digit of s?
4
Suppose -303 = -3*j + 3*u, -j + 47 + 50 = -5*u. Suppose 3*r - 2*y = -j + 23, -y = -5*r - 120. What is the units digit of r/(-3) - (-12)/(-18)?
7
Let u be 8 - (4 + (-6)/1). What is the tens digit of (-34)/(-85) + 576/u?
5
Let a be ((-5 + 5)*1/2)/(-2). Suppose -12*c + 1584 = -a*c. What is the units digit of c?
2
Suppose 0 = -t - q - 51, 3*q + 102 = 4*t - 6*t. Let b = t + 74. What is the units digit of b?
3
Suppose -2*g = -0*g - 12. Let s(v) = 22*v - 28. What is the hundreds digit of s(g)?
1
Let h(c) = -6*c**3 - c**2 - 1. Let j be h(-1). Suppose 3*n - 285 = -3*a, -j*a + 184 = -2*a - n. What is the tens digit of a?
9
Suppose 5*j - 16649 = 2*v, -12 = -5*v - 22. What is the thousands digit of j?
3
Let s(r) = r**3 + 8*r**2 + r + 18. Let x be s(-8). Suppose x*p + 425 = 1135. What is the units digit of p?
1
Let z(w) = w**3 + 16*w**2 + 14*w - 1. What is the units digit of z(-9)?
0
Suppose -d + 14 = 3*j, -8 = -3*d - d. Suppose 0*q = j*b + q - 200, -3*b - 3*q + 141 = 0. What is the units digit of b?
1
Let m = 95 + -61. Let x be ((-16)/(-24) - (-56)/60)*25. Suppose -2*o = -x - m. What is the tens digit of o?
3
Suppose -43*b = -11894 - 163159. What is the units digit of b?
1
Suppose -12 = -8*n + 12. Suppose -n*j + 214 = -j. Suppose -4*d = d - t - j, -5*d + 97 = 4*t. What is the units digit of d?
1
Let g(k) = 2*k**2 - 4*k - 4. Let a = 17 + -11. Let z = a + -8. What is the units digit of g(z)?
2
Suppose 3*l = -2*w - 107, 2*w + 89 = 2*l + l. Suppose -2*k + 4*k - 4*q + 58 = 0, 0 = 3*k - 5*q + 84. Let v = k - w. What is the tens digit of v?
2
Let x be (-18)/12*(-8)/3. Suppose x*o = 4*z, z - 2*z + 8 = o. What is the tens digit of (-3 - -4)/(o/152)?
3
Let c be 42/14*(-2 - -1). Let z be -1 - 9*(-6 - c). Suppose -8 = -4*q, -t - 2*q = -8 - z. What is the tens digit of t?
3
Let u(i) = i**2 - 13. Let a be u(0). Let j = a - -15. What is the units digit of (55/(-3) - j)*-3?
1
Suppose -2*q = 4*q - 258. Let x = q - 26. What is the units digit of x?
7
Let d = -117 - -122. Suppose -d*w + 290 = 3*q - 343, 0 = -3*q - 4*w + 630. What is the units digit of q?
6
Suppose 0 = -u + 2*k + 34, -u + 5*u - 5*k = 121. Suppose v = u - 5. What is the tens digit of v?
1
Let k be (-51)/(-85) - 487/(-5). Suppose 6*a - k = 2*a - 2*x, 5*a - 127 = -x. What is the uni